60 (base 7) to base 12.
b474b
Convert 516446 (base 7) to base 15.
1b44e
-114471 (base 9) to base 13
-254a1
Convert 13222013 (base 4) to base 12.
1619b
b551ab (base 12) to base 11
167706a
Convert -357676 (base 8) to base 5.
-12412224
What is -274363 (base 8) in base 2?
-10111100011110011
What is 4676005 (base 9) in base 12?
a203b8
What is 1402204241 (base 5) in base 7?
42130426
What is -21556 (base 15) in base 12?
-512b3
Convert -1042251 (base 6) to base 10.
-52375
Convert 1b41ac1 (base 13) to base 11.
5107953
16050460 (base 7) to base 15
206bda
What is -101101101101110111111 (base 2) in base 10?
-1498047
What is -69569 (base 11) in base 6?
-2053145
Convert 515851 (base 9) to base 14.
7d7d7
Convert -3c444b (base 15) to base 6.
-142054212
-101220121121221 (base 3) to base 2
-10110000111110000001011
What is 123132320 (base 4) in base 13?
3c311
What is -11310100 (base 5) in base 2?
-11001010101011111
Convert -1101121000 (base 3) to base 4.
-12230031
11adc1b (base 14) to base 16
818a61
11010110000001010100100 (base 2) to base 11
3a5aaa0
What is -300140121 (base 5) in base 11?
-734778
-3144 (base 7) to base 12
-786
-133533 (base 8) to base 2
-1011011101011011
Convert -2534302 (base 6) to base 14.
-37d38
What is 321888 (base 9) in base 6?
4035342
What is 24780 (base 15) in base 6?
2255033
What is 500e1 (base 15) in base 11?
163376
-21112044 (base 5) to base 2
-101010111100011011
Convert 101111011111001111 (base 2) to base 5.
22211021
Convert 2023220 (base 5) to base 7.
165010
-a45db1 (base 14) to base 5
-2410021302
What is -437644 (base 8) in base 6?
-3054124
Convert -15023010 (base 6) to base 7.
-4250502
What is 9c6fc (base 16) in base 8?
2343374
What is -2736570 (base 8) in base 16?
-bbd78
What is -2311031 (base 6) in base 16?
-1cd9b
-10010111100101110001101 (base 2) to base 4
-102330232031
What is 24e876 (base 16) in base 10?
2418806
What is 7caaa (base 14) in base 4?
1022031032
-13231112133 (base 4) to base 6
-111151223
What is -1335036 (base 7) in base 3?
-22222211010
What is 110240342 (base 5) in base 12?
1b0479
-16a8bc9 (base 14) to base 16
-aa5cfd
What is 2100011011 (base 3) in base 14?
12ac7
Convert -100100011111011000100101 (base 2) to base 10.
-9565733
Convert -1003442114 (base 5) to base 7.
-23062315
Convert 2021000220 (base 3) to base 15.
d2b3
What is 21212002200 (base 3) in base 13?
554bb
What is -10110001011000101010 (base 2) in base 9?
-1326600
What is -20513505 (base 7) in base 11?
-a85422
Convert 9394c6 (base 13) to base 4.
31021301323
Convert -2716278 (base 9) to base 15.
-1e5a98
What is 555aed (base 15) in base 11?
232a3a8
What is -3554431 (base 6) in base 8?
-553763
What is -3e27e0 (base 16) in base 15?
-556e2a
Convert -43152436 (base 7) to base 6.
-210450224
11012010012102 (base 3) to base 2
1000011111100101010000
-10110011001011011111111 (base 2) to base 15
-7ae9de
-48618 (base 12) to base 4
-113311310
Convert -b22a (base 14) to base 2.
-111011110010110
49bdcc (base 15) to base 6
203422103
229aa (base 15) to base 5
12011220
What is -11400552 (base 6) in base 14?
-9460c
Convert 4162502 (base 9) to base 13.
5cc2b2
What is -732664 (base 8) in base 6?
-5113324
Convert 2b51656 (base 12) to base 4.
201220031202
-101110111100100001111 (base 2) to base 16
-17790f
-102913c (base 13) to base 6
-253035204
Convert 10325646 (base 8) to base 2.
1000011010101110100110
Convert -965a62 (base 12) to base 14.
-45b278
-31312 (base 15) to base 8
-460446
153a0 (base 14) to base 8
147200
What is 34201033 (base 5) in base 3?
120102000011
-e9a26 (base 15) to base 16
-b5023
What is 834144 (base 9) in base 7?
4131322
Convert 61423544 (base 7) to base 11.
2995a26
-268031 (base 10) to base 15
-5463b
What is 1249a3 (base 12) in base 16?
48e8b
-156977 (base 11) to base 13
-86a43
Convert -22114422 (base 6) to base 13.
-1a2b95
1652957 (base 12) to base 2
10001011111111111010011
What is 7799a (base 15) in base 3?
201022111101
Convert -76910 (base 12) to base 9.
-258113
-11025255 (base 8) to base 6
-122445125
1110111011001011110100 (base 2) to base 11
2232520
172238 (base 10) to base 3
22202021012
Convert 1522662 (base 7) to base 15.
41740
What is -1001110010000000110011 (base 2) in base 15?
-359b32
What is 120504 (base 11) in base 2?
101110100111011110
What is -4144004 (base 5) in base 11?
-47620
Convert 113013333 (base 4) to base 3.
11210221010
What is 42004302 (base 5) in base 7?
2632604
What is 4404031 (base 5) in base 9?
124526
What is -122302010 (base 4) in base 9?
-176428
Convert -3766771 (base 9) to base 12.
-82b631
What is 2bbaa0 (base 13) in base 16?
108578
-3002b (base 12) to base 8
-171443
-21012221010 (base 3) to base 16
-22b18
What is -438144 (base 13) in base 7?
-16334436
Convert -929299 (base 12) to base 5.
-1042000132
Convert -121302242 (base 5) to base 9.
-1061814
What is 474002 (base 11) in base 13?
2043a6
-102433010 (base 5) to base 13
-12397c
-437920 (base 12) to base 5
-233232302
-546574 (base 8) to base 4
-230311330
What is -1e7516 (base 15) in base 10?
-1492896
Convert -22220102 (base 4) to base 11.
-2a790
-9d57c1 (base 14) to base 16
-51b64d
103103102303 (base 4) to base 12
184012b
What is -1793541 (base 10) in base 15?
-256646
What is -28eb3 (base 15) in base 12?
-64180
Convert 230024302 (base 5) to base 16.
f866c
Convert -a173a1 (base 12) to base 5.
-1121143310
What is -12a992 (base 11) in base 2?
-110010000000100001
-143351 (base 7) to base 8
-65747
1102022010 (base 3) to base 15
8416
Convert -202101122121110 (base 3) to base 2.
-101001010110000111010111
Convert 11100111100110101101010 (base 2) to base 13.
1759488
-12012121120 (base 3) to base 15
-2058c
-10010111110110001 (base 2) to base 15
-18080
Convert -220023231222 (base 4) to base 16.
-a0bb6a
-11521470 (base 9) to base 3
-101120201112100
Convert -2443111 (base 7) to base 3.
-120220122121
5a517 (base 12) to base 8
355543
What is -221202120012 (base 3) in base 11?
-316a69
What is 22344113 (base 5) in base 9?
334200
What is -816c83 (base 16) in base 11?
-487365a
32321035 (base 8) to base 12
239a2a5
22110223031 (base 4) to base 9
5074085
-74b15 (base 15) to base 14
-98d90
Convert -34bab4 (base 13) to base 6.
-42514051
-2021122020101 (base 3) to base 2
-100101000001100101100
-4253230 (base 6) to base 2
-110011000111110010
-32ebc (base 16) to base 13
-73c20
-12110312131 (base 4) to base 5
-411031034
-6126905 (base 10) to base 12
-20757b5
Convert -12434304 (base 5) to base 9.
-208483
What is -1c1196 (base 14) in base 6?
-33250212
What is 205723 (base 8) in base 7?
403615
Convert -18305b (base 12) to base 7.
-3366263
Convert -12131131130 (base 5) to base 10.
-14317665
663a60 (base 11) to base 12
431111
What is -20334441 (base 5) in base 16?
-290b9
What is 333133213 (base 4) in base 9?
435667
7b26b (base 13) to base 7
1623403
Convert 85421 (base 16) to base 12.
223a55
Convert -33342402 (base 5) to base 4.
-1013221211
What is -114144031 (base 5) in base 11?
-337828
Convert -101000100111011011100 (base 2) to base 9.
-2447586
-2154505 (base 6) to base 8
-324111
What is 2743311 (base 8) in base 14?
161397
Convert 25143 (base 13) to base 8.
205353
Convert -16222017 (base 8) to base 15.
-4de873
Convert 26ca22 (base 13) to base 3.
1202212020011
-69ab3 (base 15) to base 4
-1102022133
What is 70269 (base 11) in base 15?
206d9
What is 111012211222012 (base 3) in base 6?
410314005
-23232013213 (base 4) to base 7
-35054455
What is 5d7499 (base 16) in base 6?
335135025
What is -10210011010 (base 3) in base 11?
-50a4a
What is -dc8c4 (base 14) in base 10?
-534076
What is 1310411444 (base 5) in base 14?
5da29d
What is -15266 (base 14) in base 2?
-1100110110001010
-5335037 (base 8) to base 3
-2200100020011
What is 20231322112 (base 4) in base 9?
4262637
What is -3b7868 (base 12) in base 16?
-f1310
Convert -109065 (base 10) to base 14.
-2ba65
What is -4872694 (base 10) in base 12?
-176ba1a
100011100111001 (base 2) to base 8
43471
-3209734 (base 11) to base 16
-5634f0
What is 102200021121 (base 3) in base 4?
320013100
What is 11532050 (base 8) in base 14?
4a053a
-11e31 (base 16) to base 8
-217061
Convert 1503014 (base 7) to base 15.
400ee
Convert -491226 (base 10) to base 16.
-77eda
-322156 (base 8) to base 10
-107630
What is -4ac16 (base 15) in base 11?
-1535a7
Convert -1000000111001010011 (base 2) t